n divisor of o and i.
10
Let w(r) = -r**3 + 4*r**2 - 4*r + 3. Let p be w(3). Let n be (-5 - p)*(6 - 5). Let g be (-1)/n + 1438/10. What is the highest common factor of 18 and g?
18
Let m(p) = -p**3 - 10*p**2 + 11*p + 8. Let o be (2 - (0 - -2)) + -11. Let d be m(o). What is the highest common factor of d and 4?
4
Let u(i) = 4*i + 72. Let m be u(-17). What is the highest common factor of m and 20?
4
Suppose 0 = 4*x - 3*q - 8, 0 = -4*x + 2*q + 5 - 1. Let z be (-478)/(-8) - x/4. Calculate the greatest common divisor of 12 and z.
12
Let z = -336 + 62. Let k = -157 - z. What is the highest common factor of 13 and k?
13
Let f be 2 + -4 - (-1 + -24). Calculate the highest common divisor of 46 and f.
23
Let u(w) = -6*w - 21. Let d be u(-6). Calculate the greatest common factor of d and 15.
15
Let k = -3 - -16. Calculate the highest common divisor of 117 and k.
13
Suppose -r + 13 = 5*x, 0*r - x = -3*r + 119. Calculate the greatest common divisor of 152 and r.
38
Let i be 9/2*4/6. Suppose 5*w + q + 0*q - 60 = 0, i*q = 15. Let o be (0 - 1)/(-1)*w. What is the greatest common divisor of o and 99?
11
Let v be 8/6*(-66)/(-4). Let h be 796/v - (-4)/(-22). Calculate the highest common factor of 4 and h.
4
Suppose -m - 4*m + 130 = 5*a, -4*a = 3*m - 76. What is the greatest common factor of 280 and m?
28
Let j = 36 + -16. Calculate the highest common factor of j and 100.
20
Let y = -83 - -195. What is the greatest common factor of y and 14?
14
Let s be (1*-5)/((-1)/8). Let r be 0 - 3*41/3. Let k = r + 57. Calculate the greatest common divisor of k and s.
8
Let q be (27/(-12) - -2)*-116. Let j = q + -15. Calculate the greatest common factor of 154 and j.
14
Suppose 21 - 6 = 3*l. Suppose l*r - 554 = 4*i - 2*i, -3*r = i - 339. Calculate the highest common factor of 14 and r.
14
Let v(k) = -k**3 + 11*k**2 - 6*k + 8. Let c be v(10). Calculate the highest common factor of c and 6.
6
Let k(r) = -4*r + 12. Let g be k(-9). Suppose 4*o - 2*o = 12. Let j be (g/o)/(1 + 1). Calculate the greatest common divisor of 28 and j.
4
Let w(c) = -16*c - 3. Let k(p) = 40*p + 8. Let a(b) = 5*k(b) + 12*w(b). Let y be a(3). What is the highest common divisor of y and 14?
14
Suppose 44 = 5*p - 11. Calculate the highest common factor of 77 and p.
11
Suppose 0 = -r - 1 + 5. Suppose -2*m = -5*o - 9 + 64, r*o - 44 = 4*m. Calculate the greatest common divisor of o and 121.
11
Suppose 4*q = -2*r + 34, 3*q - 18*r = -23*r + 8. Suppose -2*a + a + 3*y + 109 = 0, -2*a + 246 = y. What is the highest common divisor of a and q?
11
Let z(m) = m**3 - 8*m**2 - m + 13. Let d be z(8). What is the greatest common divisor of d and 5?
5
Let o(q) = -q**2 - 12*q + 4. Let r be o(-10). Let n be (-50)/(-5)*8/10. Calculate the greatest common factor of r and n.
8
Suppose -2*h + 38 = -p, -5*h + 64 = -4*p - 28. What is the greatest common divisor of 5 and h?
5
Let b(t) = -t - 5. Let p be b(-6). Suppose i = 6*i + 30. Let q = p - i. Calculate the highest common divisor of q and 63.
7
Let f be (10/2 + -3)*(-6)/(-3). Calculate the greatest common divisor of 2 and f.
2
Let b(g) = -97*g + 12. Let i be b(-6). Suppose 5*t = -3*d + i, t - 2*d = d + 108. What is the highest common divisor of t and 13?
13
Suppose -5*w + 12*w - 616 = 0. Calculate the greatest common factor of w and 16.
8
Suppose 9*h = 8*h + 104. What is the greatest common factor of h and 13?
13
Let o(t) = t**2 - t - 4. Let r be o(-6). Calculate the greatest common factor of r and 38.
38
Let h(o) = o**3 + 9*o**2 - 5. Let v be h(-9). Let i be 22 - v/((-10)/4). What is the highest common factor of i and 220?
20
Let c = 2 + 8. Let g = c + -6. Suppose -g*u = -3*o + 285, 0*u = -o - u + 102. What is the greatest common factor of 9 and o?
9
Let h = -3 - 5. Let y = h - -9. What is the highest common factor of y and 2?
1
Suppose 0 = 4*a + 45 + 19. Let w be (-2)/(2 - a/(-6)). Suppose -2*f + w*f + 41 = g, -5*g = 5*f - 155. Calculate the greatest common factor of g and 4.
4
Let z be (4 + 5)*(-264)/(-9). What is the greatest common divisor of 33 and z?
33
Let v = 74 + 11. What is the highest common factor of v and 17?
17
Let z be (-2)/(-3)*15/2. Suppose -3*l = z*p + 10 - 69, -4*l + 5 = p. What is the greatest common divisor of p and 117?
13
Let f = 500 + -179. Suppose j + 4*j + 5*d = 815, 2*j - 3*d - f = 0. Suppose 2*r - b = j, -5*r - b + 78 = -4*r. What is the highest common divisor of 10 and r?
10
Let l = 127 - 42. Calculate the greatest common factor of 17 and l.
17
Suppose h - l = 0, -h - 3*h + 10 = l. Let w(a) = -h*a + 2 + 0*a + 3*a. Let n be w(0). Calculate the greatest common divisor of 4 and n.
2
Let f = -7 + 95. Calculate the highest common factor of 11 and f.
11
Let d(i) = i**3 + 8*i**2 + i + 8. Let k be d(-7). Let o = -1 + 3. Let n be (o/3)/(1/15). What is the greatest common divisor of k and n?
10
Suppose 7*z - 20 = 3*z. Let y = z - 1. Suppose -18 + 6 = -2*m. Calculate the highest common factor of y and m.
2
Let y = -18 + 28. Let x = -42 - -82. What is the highest common divisor of y and x?
10
Let u = -39 + 41. Calculate the highest common factor of u and 18.
2
Let x be ((-2)/(-5))/((-2)/(-20)). Suppose -2*d + 3*t + 10 = -2*t, x*d - 3*t = 34. Calculate the highest common divisor of d and 110.
10
Let d be (6 - 2)*8*2/4. Calculate the greatest common divisor of 24 and d.
8
Let t = 0 + 32. Calculate the highest common factor of t and 80.
16
Let k = 15 - 3. Calculate the greatest common factor of k and 24.
12
Suppose 5*w = -3*b + 693, -457 = -3*w + 3*b - 46. Suppose -w - 177 = -5*l. What is the greatest common divisor of l and 9?
9
Let q = 20 + -6. Let g be (-180)/(-8) + (-3)/2. What is the greatest common divisor of g and q?
7
Suppose -o - 12 = -3*r, 8 = 2*o + 3*o + 2*r. Suppose 4*p = 16 - o. Suppose p*w - 34 - 30 = 0. Calculate the greatest common divisor of 80 and w.
16
Let t(s) = 8*s - 8. Let o be t(3). Calculate the highest common factor of o and 16.
16
Let h(m) = m**2 + 2*m - 8. Let i be h(-6). What is the highest common divisor of i and 56?
8
Suppose -90 = -r - r. Let t be 1/4 - (-15)/4. Let a(c) = c**2 - 3*c + 1. Let i be a(t). Calculate the highest common divisor of r and i.
5
Let n = 1 + 1. Suppose -5*l - 81 = -2*r, 78 = 2*r - 2*l - n*l. Calculate the highest common divisor of 22 and r.
11
Suppose d = -7 + 14. Suppose -l + d = -0*l. Suppose 0 = -2*a + c + 152, -a - 144 = -3*a + 5*c. What is the highest common divisor of a and l?
7
Let d = 14 - 35. Let c be 2*2/(-4) - d. What is the highest common factor of c and 4?
4
Let b(f) = f**3 - 9*f**2 + 6*f + 7. Let p be b(8). Let g be -6*((-6)/p)/(-2). Suppose -3*i - 15 = -8*i. What is the highest common factor of g and i?
1
Let y = -4 - -4. Suppose y = -2*q - 2*q - 24. Let r = q - -7. What is the greatest common divisor of 7 and r?
1
Suppose -g - 29 = -n, -3*n + 2*n - 3*g = -17. Let a = 10 - n. Let i = 25 + a. Calculate the greatest common divisor of 3 and i.
3
Let q(a) = 270*a - 4. Let o be q(1). Calculate the highest common divisor of 14 and o.
14
Suppose -4*k + 6 = -k. Let h be (24/6)/(-1 + k). What is the greatest common factor of h and 16?
4
Suppose -5*k + 60 = -5*f, -3*k - 4*f = -23 - 27. Calculate the greatest common divisor of k and 224.
14
Let s = -16 + 29. Let i = 25 - s. What is the highest common factor of 96 and i?
12
Suppose -6*b = -3*b + 75. Let l be (144/20)/((-2)/b). Calculate the highest common factor of l and 10.
10
Let m(p) = 23*p - 17. Let g be m(7). Calculate the highest common factor of 16 and g.
16
Suppose -q + 5*c = -5*q + 19, 4*q + 3*c - 29 = 0. Let p = q + -8. What is the highest common divisor of p and 12?
3
Let q be (6/10)/(1/15). Let f = -5 - -134. Let v = f - 66. What is the highest common divisor of q and v?
9
Suppose 3*v = -12, -2*q - 4*v + 8 = -0. Let o be 10/(-14) + (-4)/14. Let y be o + (-2 - (-11)/1). Calculate the highest common factor of q and y.
4
Let w(y) = -4*y + 12. Let u be w(-7). What is the highest common divisor of 200 and u?
40
Suppose 0 = -0*z - 5*z + 75. What is the greatest common factor of 6 and z?
3
Let u = 40 - 7. What is the highest common factor of u and 11?
11
Let p = 11 - -49. What is the highest common factor of p and 24?
12
Let l = 4 + -4. Suppose l*k - 4 = -k. Suppose -24 = -f - 5*j, k*f + 6*j - 28 = 3*j. Calculate the greatest common divisor of f and